
Is 2670907 a composite number?
True
Is 1973393 prime?
False
Is 4985569 prime?
True
Is 1012217 a composite number?
False
Is 14205199 a composite number?
True
Is 10323283 a prime number?
True
Is 515712589 prime?
False
Is 57077081 composite?
True
Is 1111949 prime?
True
Is 56326919 composite?
True
Is 3551353 a prime number?
False
Is 169287205 composite?
True
Is 8482042 a prime number?
False
Is 3423587 a composite number?
False
Is 19931347 a composite number?
False
Is 137430983 a prime number?
True
Is 20029129 composite?
True
Is 454173 a composite number?
True
Is 2987251 a composite number?
False
Is 2431087 composite?
True
Is 7856143 prime?
False
Is 282377 a prime number?
True
Is 19830463 prime?
False
Is 39403643 a prime number?
True
Is 170840551 prime?
False
Is 90233053 composite?
True
Is 69593 prime?
True
Is 107200939 composite?
True
Is 2342479 a composite number?
False
Is 6727115 prime?
False
Is 12957649 a composite number?
False
Is 22851253 a prime number?
True
Is 8056943 composite?
False
Is 176701783 a prime number?
True
Is 22550911 a prime number?
False
Is 970231 a prime number?
True
Is 253003 composite?
False
Is 698435693 prime?
False
Is 4498291 prime?
False
Is 417842981 a composite number?
True
Is 208557551 a prime number?
False
Is 9405241 a composite number?
False
Is 18843023 a composite number?
False
Is 3166351 a prime number?
True
Is 14077291 prime?
True
Is 2686889 prime?
True
Is 53935933 a composite number?
False
Is 134114 a composite number?
True
Is 6925249 prime?
True
Is 6268549 a prime number?
False
Is 8417945 composite?
True
Is 5202331 prime?
True
Is 16236079 a composite number?
False
Is 179 a prime number?
True
Is 97983953 a composite number?
True
Is 3634354 prime?
False
Is 4730347 a prime number?
True
Is 6072641 a prime number?
True
Is 50148341 composite?
False
Is 8338817 a composite number?
False
Is 121123813 a composite number?
False
Is 456061 composite?
False
Is 1266619 a prime number?
False
Is 85555649 prime?
False
Is 9153823 composite?
True
Is 7130087 a prime number?
False
Is 2691733 a prime number?
False
Is 27992707 a composite number?
True
Is 91443877 prime?
False
Is 167701 prime?
False
Is 27431331 composite?
True
Is 107788231 prime?
False
Is 370465 a composite number?
True
Is 112965947 prime?
False
Is 125418691 prime?
True
Is 662309 prime?
True
Is 152227 prime?
False
Is 2808571 prime?
True
Is 31980323 a prime number?
True
Is 47185681 composite?
True
Is 28014913 prime?
True
Is 11809453 a prime number?
True
Is 695397 prime?
False
Is 7811099 prime?
False
Is 3770761 a prime number?
True
Is 1737289 a composite number?
True
Is 1794103 composite?
True
Is 22768419 a composite number?
True
Is 62399395 a prime number?
False
Is 1521479 a composite number?
False
Is 10405223 a prime number?
False
Is 152486851 a prime number?
False
Is 17745037 composite?
False
Is 1114373411 a prime number?
True
Is 29592217 a composite number?
True
Is 116648941 prime?
True
Is 266541851 composite?
False
Is 31503629 a prime number?
False
Is 16163969 prime?
True
Is 86513803 composite?
False
Is 29130203 prime?
True
Is 1386703 composite?
False
Is 9408899 a prime number?
False
Is 5987893 a composite number?
True
Is 43669281 a prime number?
False
Is 281964439 composite?
False
Is 196069163 prime?
True
Is 153157 composite?
True
Is 93534401 a composite number?
True
Is 962413 a composite number?
False
Is 29044579 prime?
False
Is 5569853 a prime number?
True
Is 3699803 composite?
True
Is 932093 a composite number?
True
Is 3445657 a composite number?
True
Is 2423521 a prime number?
True
Is 12946523 prime?
False
Is 12167957 a composite number?
False
Is 1747027 a prime number?
True
Is 2718581 composite?
True
Is 6191579 prime?
True
Is 166900166 prime?
False
Is 1665485 prime?
False
Is 1622711 prime?
True
Is 677187019 composite?
False
Is 131096759 prime?
True
Is 26003399 a prime number?
True
Is 3253933 composite?
False
Is 13001033 prime?
False
Is 407681 a composite number?
True
Is 49557 a prime number?
False
Is 2484127 a composite number?
False
Is 16262929 prime?
True
Is 2414021 a composite number?
False
Is 5626129 prime?
True
Is 21384313 prime?
True
Is 170692711 a composite number?
True
Is 148607413 a prime number?
True
Is 17195669 prime?
False
Is 532962449 composite?
False
Is 150756293 a prime number?
True
Is 833905907 a prime number?
False
Is 11706559 a composite number?
False
Is 5943459 prime?
False
Is 2073659 a prime number?
False
Is 6937249 prime?
False
Is 35423537 a prime number?
True
Is 121743067 a prime number?
False
Is 44558737 a composite number?
True
Is 409573 prime?
True
Is 46950011 composite?
False
Is 1101214 a composite number?
True
Is 372263 a prime number?
True
Is 33343495 composite?
True
Is 39109901 prime?
True
Is 92272259 composite?
False
Is 225227953 prime?
False
Is 166954171 a prime number?
False
Is 2005489 a composite number?
False
Is 111187 a prime number?
True
Is 152812657 a prime number?
True
Is 8331131 a prime number?
True
Is 97977083 composite?
False
Is 8888293 a prime number?
True
Is 2807011 composite?
True
Is 3705065755 a prime number?
False
Is 2694866 a composite number?
True
Is 2131145 prime?
False
Is 4052557 prime?
False
Is 104398799 composite?
False
Is 3314587 a prime number?
False
Is 1730507 composite?
False
Is 23188663 prime?
False
Is 1048511 a prime number?
False
Is 5640307 prime?
False
Is 207815381 prime?
True
Is 60029 prime?
True
Is 191498885 prime?
False
Is 3239947 composite?
False
Is 7068703 prime?
False
Is 911357 a composite number?
False
Is 60153421 a composite number?
True
Is 16805209 a composite number?
False
Is 495749 prime?
True
Is 104332253 prime?
True
Is 291785111 prime?
True
Is 263194699 a composite number?
False
Is 7716601 a prime number?
False
Is 189179 a prime number?
False
Is 45945659 a composite number?
False
Is 196123 a composite number?
True
Is 43114103 a prime number?
False
Is 37104253 composite?
True
Is 38050973 composite?
False
Is 50396029 composite?
False
Is 7478293 composite?
False
Is 4975403 a composite number?
False
Is 42197773 prime?
False
Is 495535747 prime?
False
Is 144829691 a composite number?
True
Is 261083 a prime number?
False
Is 24944453 a composite number?
False
Is 22331347 a composite number?
True
Is 598903 a prime number?
True
Is 636645907 prime?
True
Is 270755479 composite?
False
Is 2836391 a composite number?
False
Is 13348381 a prime number?
False
Is 551678147 composite?
True
Is 187713931 prime?
True
Is 1967041 prime?
False
Is 2600761 a composite number?
False
Is 229086493 composite?
False
Is 705547 prime?
False
Is 439328801 a prime number?
False
Is 327292187 a composite number?
False
Is 40491019 composite?
False
Is 5375291 a composite number?
False
Is 6997483 prime?
False
Is 7929223 a composite number?
True
Is 66919859 a composite number?
False
Is 17910931 prime?
True
Is 37437746 a prime number?
False
Is 56670967 a prime number?
True
Is 144494939 composite?
False
Is 1895287 composite?
False
Is 4597954 a composite number?
True
Is 48031943 a prime number?
False
Is 159871207 prime?
True
Is 952363991 a composite number?
True
Is 24377933 composite?
True
Is 1743491 a prime number?
True
Is 172743937 a prime number?
False
Is 5459081 prime?
True
Is 132458299 a prime number?
True
Is 5183357 prime?
True
Is 54036841 a prime number?
True
Is 3544237 prime?
True
Is 59953837 a prime number?
False
Is 13453207 prime?
False
Is 58324067 a prime number?
False
Is 929429 prime?
False
Is 3031355201 composite?
True
Is 6848099 a composite number?
False
Is 27942799 prime?
False
Is 7775503 prime?
False
Is 787078 prime?
False
Is 7333089 a composite number?
True
Is 1703137 a prime number?
False
Is 12134737 a composite number?
False
Is 316203941 a composite number?
False
Is 14305693 a prime number?
False
Is 21044311 prime?
True
Is 98729 prime?
True
Is 28347409 composite?
False
Is 14923283 a prime number?
False
Is 5272207 prime?
True
Is 8842211 a prime number?
False
Is 31726327 composite?
False
Is 2614429 composite?
False
Is 123767 composite?
True
Is 43442914 a composite number?
True
Is 4024277 prime?
True
Is 208051 prime?
False
Is 135049 prime?
True
Is 1834942 a prime number?
False
Is 10387717 prime?
False
Is 748877 a composite number?
False
Is 33215191 a prime number?
True
Is 66493073 a composite number?
True
Is 14489